ime factors of 81/(m*(-6)/162)?
3
Suppose -2*j + 36568 = -4*u, 145*u = 144*u. List the prime factors of j.
2, 7, 653
Let y(q) be the third derivative of -13*q**4/12 + 47*q**3/6 - 9*q**2. List the prime factors of y(-7).
229
Suppose 0*m - 5*m = 4*s + 2675, 0 = 4*m + 2*s + 2146. Let i = -377 - m. List the prime factors of i.
2, 3
Let z = -8761 - -17858. List the prime factors of z.
11, 827
Suppose 49*j - 2508012 = -38*j - 69*j. List the prime factors of j.
3, 23, 233
Let y(z) = -7*z**3 - 315*z**2 - 68*z - 192. What are the prime factors of y(-47)?
2, 3, 5, 13, 29
Suppose -3*k + 1132 = -2*x, -2*x + 1160 = -4*x - 4*k. List the prime factors of 48/2*x/(-66).
2, 13
Suppose -2*h - y = -13, 8*h + y = 5*h + 17. Suppose d - 129 = -3*v, -h*d - 5*v + 303 + 199 = 0. List the prime factors of d.
3, 41
Let p = -182 - -107. Let k = p - -108. Let b = k + 12. List the prime factors of b.
3, 5
Let h = -1 - -7. Suppose -h*i = -7*i + 3. List the prime factors of (-8)/(i - 1) + (-5 - -279).
2, 3, 5
Let p(c) = c**3 + 45*c**2 - 69*c - 64. What are the prime factors of p(-32)?
2, 3, 7, 23
Let o = -632 + 632. Suppose o = 14*a - 11589 - 1697. List the prime factors of a.
13, 73
Let k be 3*((-2520048)/(-198) - 2/11). Suppose -k = -41*q + 14872. List the prime factors of q.
2, 647
Let k(i) = -i**3 + 10*i**2 - 4. Let b be k(10). Suppose 10*j - 3151 = -13*j. Let r = b + j. What are the prime factors of r?
7, 19
What are the prime factors of -3 + (0 - (-4)/8) + (-87321)/(-26)?
2, 839
Let i = -597 + 168. Let y = i + 759. What are the prime factors of y?
2, 3, 5, 11
Let u be (-3 + -15)*1/(-2). Suppose 0 = -8*o + u + 303. What are the prime factors of o?
3, 13
Let w(y) = -47*y + 229. What are the prime factors of w(-38)?
5, 13, 31
Let s(g) = -g**2 - 26*g + 6. Suppose -4 + 24 = -x. Let b be s(x). Suppose -z - z = -b. List the prime factors of z.
3, 7
Suppose 0*u = 2*u - 10. Suppose -14 = k - t + 7, -u*k = -2*t + 93. Let a = 20 + k. What are the prime factors of a?
3
Let f be (2 - (-12)/(-4))*18/6. List the prime factors of (2 - f) + 271 - 6.
2, 3, 5
Let q(m) = -126 + 37*m - 13*m - 47*m. What are the prime factors of q(-15)?
3, 73
Let p be (-28)/448 - 86306/(-32). List the prime factors of p/3 + (-9)/(54/12).
3, 13, 23
Suppose 41376*w = 41379*w - 83526. What are the prime factors of w?
2, 13921
List the prime factors of 7/(322/4) + (-188360905)/(-2231).
3, 53, 59
Let w(y) = y**3 + 8*y**2 + 3*y - 25. Let g be w(-7). Suppose 2*b = 3*k + 1873, -42*b - 4669 = -47*b + g*k. What are the prime factors of b?
2, 233
Suppose -4*v = 2*o - 10, -5*v - 3*o + 13 = -o. Let r = -297 + 447. Suppose n - 2*w - 153 = 0, -2*n + 3*n - v*w = r. List the prime factors of n.
3, 53
Let h(z) = 9*z**3 - 5*z**2 + 12*z - 14. Let g be h(2). Let b(i) = -i - 15. Let x be b(-11). Let r = g + x. What are the prime factors of r?
2, 29
Let h(v) = -2*v + 2. Let d(u) = -3*u - 303. Let b(o) = -d(o) - 2*h(o). List the prime factors of b(-36).
47
Suppose -50*a = 4*a + 270. Let j(d) = -19*d - 50. List the prime factors of j(a).
3, 5
Suppose 200*z - 491*z + 243*z + 3796752 = 0. What are the prime factors of z?
83, 953
Suppose 3*m - 19084 = -u, -3*m + 26790 - 7686 = -3*u. What are the prime factors of m?
3, 7, 101
Let l = 144 - 122. Let b(f) = 4*f**2 - 70*f - 42. List the prime factors of b(l).
2, 3, 59
Let j(w) = -31*w**2 + 39*w**2 + 5*w**2 + w**3 + 5 - 5 - 66*w. What are the prime factors of j(8)?
2, 3, 17
Suppose -3*x + 582 = -375. Let i = x - 16. What are the prime factors of i?
3, 101
Suppose h = 4*h + 3. Let q(z) be the second derivative of -26*z**3 + z**2 - 173*z. What are the prime factors of q(h)?
2, 79
Let f(h) = 35*h**3 + h**2 - 3*h + 1. Let r be 1 + (-8)/(-4) + -47. Let t = r + 45. List the prime factors of f(t).
2, 17
Suppose -q = 3*a - 2*q + 31, 8 = -4*q. Let v(h) = 3*h**2 + 11*h + 37. Let g be v(a). List the prime factors of g - ((-7)/2 - (-8)/(-16)).
283
Suppose 1747 - 283 = -4*g. Let b be -13*(-28)/(-4) - 4. Let h = b - g. List the prime factors of h.
271
Let i be (-84)/(-18) - (2 + (-14)/6). Suppose -r = -i*k - 303, 311 = r + k - 4*k. What are the prime factors of r?
17, 19
Let f = -115 - -118. Suppose -3*r - 835 - 749 = -f*v, 2638 = 5*v - 3*r. List the prime factors of v.
17, 31
Let z = -75 + 61. Let l(k) = -4*k - 13. Let j be l(z). Let m = j + -26. What are the prime factors of m?
17
Let v(n) = n**3 + 23*n**2 - 23*n + 24. Let b be v(-24). Suppose 3*y + y + 4*z + 204 = b, 5*z - 153 = 3*y. Let m = y + 70. List the prime factors of m.
19
Let o be (-2)/(-14) - -5*9/(-315). List the prime factors of 336 - (o + -1)/((-7)/14).
2, 167
Suppose -18*h + 56 - 20 = 0. Let c(d) = 118*d**3 + d**2 - 7*d + 11. List the prime factors of c(h).
3, 5, 7
Suppose -191 = -4*u + 409. Suppose -5*i = i + u. Let n = 104 + i. What are the prime factors of n?
79
Suppose 36*u - 98*u = -2196288. What are the prime factors of u?
2, 3, 41
Suppose 12*q - 134233 = -2099 - 17930. What are the prime factors of q?
31, 307
Suppose 4*h + 4*q = 295628, -5*h + 32*q - 34*q + 369562 = 0. List the prime factors of h.
2, 17, 1087
Let v = 1416 + -1403. Let x(r) = 3*r**2 + 8*r + 23. Let j(k) = -4*k**2 - 12*k - 34. Let m(s) = 5*j(s) + 7*x(s). List the prime factors of m(v).
2, 3
Suppose -2*d - 19*d = -131166. List the prime factors of d.
2, 3, 347
Let j(l) = 20*l**2 + 116*l + 94. List the prime factors of j(19).
2, 4759
Suppose n - 20 = 3*n - 2*q, -2*n - 4*q = 50. Let h(p) = -22*p + 6. Let w be h(n). Suppose w = 6*a - 2*a. What are the prime factors of a?
2, 3, 7
Suppose 5*i - 5*x = 220, 4*i - 175 = -0*i + 5*x. Suppose -p = 5*u - 121, 2*u - 3*p - i = -0*u. Suppose u*l + 168 = 28*l. What are the prime factors of l?
2, 3, 7
Suppose 35*o - 36*o + 42867 = 5*b, -4 = -2*o. List the prime factors of b.
8573
Let w be (0 + (-6)/12)*6*-1. Suppose t - 2638 = -n - 4*n, n - 536 = -w*t. What are the prime factors of n?
17, 31
Suppose p + 509 = 2*d, -3*p - 104 = d - 348. Let c = d + -74. List the prime factors of c.
179
Suppose -54*u + 29*u - 12976 = -521476. List the prime factors of u.
2, 3, 5, 113
Let b = 78 + -74. Suppose -2 = -3*y + b. Suppose 0 = y*g + 6, 4*g + 144 + 60 = 2*w. What are the prime factors of w?
2, 3
Let c(q) = 12*q + 28. Let i be c(-12). Let p = -106 - i. List the prime factors of -55*-1*((-26)/p - -3).
2, 11
Let r = -45 - -51. Suppose -v = r - 1, 2*z - v = 17. Suppose -3*f - 3*p = -459, 10*f + 3*p - 617 = z*f. List the prime factors of f.
2, 79
Let l(p) = -66*p - 35. Let h(a) = -14*a + 37. Let n be h(3). What are the prime factors of l(n)?
5, 59
Suppose 3*l - 8*l = -50. Let k(a) = -69*a - 9. Let n be k(-18). Suppose l*h = h + n. What are the prime factors of h?
137
Let d be (83 + -104)*20/(-42). Let t(r) be the second derivative of -r**5/10 + 5*r**4/3 + 2*r**3/3 + 10*r**2 + 3*r. List the prime factors of t(d).
2, 3, 5
Suppose 7*t = 6*t - 253. Let v = t - -398. List the prime factors of v.
5, 29
Let a(c) = 61*c + 22. Let g(b) = 59*b + 22. Let k(z) = -3*a(z) + 4*g(z). What are the prime factors of k(8)?
2, 223
Suppose 4*h - 27870 = -2*w, -15606 = 2*w - 3*h - 43469. What are the prime factors of w?
13933
Suppose 3*r - 4 = 4*k, k + k = 4*r - 22. Suppose r = 7*m - 20. What are the prime factors of (-3 + 492/m)/(0 + 1)?
2, 3, 5
Let c = 7 - 5. Let u be (42/28)/(c/(-8)). List the prime factors of (895/10)/(((-15)/u)/5).
179
Suppose -d - 1 = q - 3, 3*q = 5*d - 10. Suppose -1787 = -3*v + 3*k + d*k, -2*k = 5*v - 3030. What are the prime factors of v?
2, 151
Let y(j) = -79*j - 2. Let q be y(6). Let w = q + 685. What are the prime factors of w?
11, 19
Let p = 3679 + -3154. What are the prime factors of p?
3, 5, 7
Let z be 6/2 + 5*(-4)/(-20). Suppose -b - 3*s + 24 = 0, 0 = z*s + 18 + 2. What are the prime factors of b?
3, 13
Let h = 7082 - -3303. List the prime factors of h.
5, 31, 67
Let y = -886 + 1039. List the prime factors of y.
3, 17
List the prime factors of 1/(-2) - (4/(-4))/((-8)/(-311196)).
7, 5557
Suppose 0 = -t - 3*r + 13, 0 = 4*t - 4*r + 6*r - 22. Suppose w - t*f = 1559, -5*w - 3*f + 1545 = -4*w. List the prime factors of w.
3, 11, 47
Let x(m) = 119*m - 5. Let a(l) = -236*l + 12. Let z(r) = -2*a(r) - 5*x(r). What are the prime factors of z(-5)?
2, 7, 11
Suppose 20*x = 10*x - 12*x + 127468. List the prime factors of x.
2, 2897
Let n(h) = -2*h +